 - 8*r + 10. What is the hundreds digit of a(7)?
1
Let n(m) = -2 - 7*m + 4 - 4. What is the units digit of n(-2)?
2
Let v be 15*(10/(-6) - -2). Suppose 3*p = -3*n + 21, -4*n + 3 = -v*p - 7. Suppose -4*d + 24 = -2*h, p*d + 5*h = -0*d + 24. What is the units digit of d?
7
Let r(d) = -2*d**3 - 4*d**2 - 3*d - 1. Let s be r(-2). Suppose -b - 20 = -5*t, -3*b + s*b = -4*t + 16. Let z(h) = h + 5. What is the units digit of z(b)?
5
What is the tens digit of (-3)/(-5) + 8226/90?
9
Let l = 308 - 202. What is the units digit of l?
6
Let i = 4 + -4. Suppose -5*a - 3*p = -i*p - 140, -25 = -5*p. Let y = a - 10. What is the units digit of y?
5
Let t(u) be the second derivative of -u**5/20 + 5*u**2 - 3*u. Let i be t(0). Let l = i + -5. What is the units digit of l?
5
Let r(m) be the first derivative of 2/3*m**3 - 3 + 2*m + 5/2*m**2. What is the units digit of r(-3)?
5
Let l = -11 + 11. Suppose -5*o + 75 = -l*o. What is the units digit of o?
5
Let o(w) = -w**3 - 3*w**2 + 5*w + 4. Let q be o(-4). What is the tens digit of 18 + (q - -1)*2?
2
Let m(i) = -i**2 - 16*i - 13. What is the tens digit of m(-13)?
2
Let t = -21 - -11. Let m(s) = -s - 4. Let g be m(t). Let a(k) = k**2 - 4*k + 4. What is the units digit of a(g)?
6
What is the tens digit of (-23)/1*1*-1?
2
Let s = 5 + 277. What is the units digit of s?
2
Let h = -5 - -9. Let k be (1 - -3)/4 + -2 + 3. Suppose h*a = k*a + 10. What is the units digit of a?
5
Suppose -2*k + 10 = 0, -4*z - 2 + 21 = 3*k. Let s be (0/6)/(-1 - z). Suppose 0 = g - s*g - 6. What is the units digit of g?
6
Let f(u) = u. Let l be f(4). Let g(z) = -z**2 + 6*z - 4. Let y be g(l). Suppose 4*t - 28 - 20 = 2*o, -20 = -y*t - 5*o. What is the units digit of t?
0
Let f(k) = -24*k**3 - 2*k**2 + 4*k - 2. Let d(l) = 12*l**3 + l**2 - 2*l + 1. Let c(n) = 5*d(n) + 2*f(n). What is the units digit of c(1)?
2
Let w = 28 + -11. Suppose w + 4 = 3*h. Suppose -h - 13 = -4*z. What is the units digit of z?
5
Suppose o = m + 79, 122 = 2*o + 4*m - 6. What is the units digit of o/(-6)*51/(-17)?
7
Suppose -2*z - 3*z = -35. Suppose -3*q = -2 - z. Suppose 4*d - q*m - 21 = d, -5*m = d - 25. What is the tens digit of d?
1
Let z(q) = q**2 - 2*q - 1. Let p be z(2). Let v be p/((1*-2)/4). Suppose -5*j - 18 = v*w, -5*w = -w - 5*j - 24. What is the units digit of w?
1
Suppose 0 = 3*s + s - 48. Let n = s - -1. Suppose 2*h - 18 = 3*p, -n = -3*h - 5*p - 5. What is the units digit of h?
6
Let x(t) = -3*t + 2. What is the tens digit of x(-5)?
1
Suppose 0 = w - 5*w - 24. Let i be ((-4)/w)/((-8)/(-12)). What is the units digit of 5 - (-4 - -2)*i?
7
Let n be 38/14 + 6/21. Let d be (6/4)/(n/8). Suppose 11 = d*c + v - 55, 4*c = -2*v + 68. What is the tens digit of c?
1
Let b = -5 + 11. Suppose 2*y + b = -y. Let o = y + 3. What is the units digit of o?
1
Let b = -1 + -9. What is the units digit of (-18)/(-5) + 6/b?
3
Suppose s + v = 3*s - 96, 2*s = -5*v + 96. Let j = s - 30. What is the units digit of j?
8
Let h(k) = 11*k + 3. Let q be h(-2). Let y = 61 + q. What is the units digit of y?
2
Suppose -r - 10 = -6*r. Suppose -4*n = -16, -r*n = 2*l + n - 18. Suppose -s = -7 + l. What is the units digit of s?
4
Let g = -9 - -13. Let s(v) be the second derivative of v**5/20 - v**4/3 + v**3/6 + v**2/2 + v. What is the units digit of s(g)?
5
Let n(a) = -a**3 + 32. What is the units digit of n(0)?
2
Let o(f) = -4 + 2*f - f + 0. What is the units digit of o(6)?
2
Let d = -30 - -84. What is the tens digit of d?
5
Let f = 10 - 2. Let m(z) = z**2 - 8*z + 1. What is the units digit of m(f)?
1
Let m = 11 - 6. Suppose -m*x - 14 = -39. Suppose a = -4*r - 5, 0*a + 2*r = -x*a + 29. What is the units digit of a?
7
Let l = -23 - -76. What is the tens digit of l?
5
Suppose 2*j + 19 = -5*f, 0 = 2*f - 5*j + 3*j + 16. Let u be 2/f + 114/10. Suppose u = 2*l - 1. What is the units digit of l?
6
Suppose -3*j = -34 - 89. What is the units digit of j?
1
Let g(f) = -f**2 + 24*f - 31. What is the tens digit of g(20)?
4
Suppose 4*m = -4*x + 16, 5*m + x + x - 20 = 0. Suppose 5*t = -4*y + 95, y - 19 - 13 = -m*t. What is the tens digit of y?
2
Let d be (-24)/(-10) - (-15)/25. Let v be (-1)/(((-2)/(-16))/(-1)). Suppose v = l + 2*x, -6 = l - d*x - 2*x. What is the units digit of l?
4
Suppose 2523 + 975 = 11*t. What is the units digit of t?
8
Let h = 100 - 36. What is the units digit of h?
4
Let h(m) = m**2 - 8*m + 6. Let g = -8 - -14. Suppose -22 = -2*d - g. What is the units digit of h(d)?
6
Let d = -8 - -8. Let k = d + 6. What is the units digit of k?
6
Let u(b) = -b**3 - 4*b**2 - 3*b + 2. What is the units digit of u(-4)?
4
Let o(h) = -h + 3. Let u be o(5). Let g(v) = v**3 + 5*v**2 + v - 2. What is the units digit of g(u)?
8
Let r(p) = -2*p - 3. Let d be r(-3). Suppose -9 = -d*q + 3. What is the units digit of q?
4
Let c = 11 - 6. Suppose g + 36 = c*g. What is the units digit of g?
9
Suppose 4*x = 5*x - 33. What is the units digit of x?
3
What is the hundreds digit of 2 - (2 + 2 + -103)?
1
Let v(h) = h**2 + 5*h + 6. Let q be v(-4). Let w(f) = -28*f - 13. Let t(r) = 9*r + 4. Let u(i) = 7*t(i) + 2*w(i). What is the units digit of u(q)?
6
Let m(i) = -7*i - 33. Let y(u) = 3*u + 16. Let o(p) = 4*m(p) + 9*y(p). What is the units digit of o(9)?
3
Let x(z) = 2*z - 7. Let t be x(6). Suppose -29 = -t*g + 1. What is the units digit of g?
6
Let p(x) = 2*x + 1. Let b = 9 + -1. What is the units digit of p(b)?
7
Let a be ((-3)/(-9))/((-1)/6). What is the tens digit of (-20)/(2/(-3 - a))?
1
Let o(s) = s + 4. Let r be o(-4). Let q(z) = z + 8. What is the units digit of q(r)?
8
Let b(g) = g - 3. Let z be b(7). Suppose -2 = -3*y + z. Suppose -d = 5*h - 12, 0*d = -y*d - 5*h + 24. What is the units digit of d?
2
Let j(r) = r**3 - 2*r**2 - 3*r**2 - 1 + 2*r + 0*r**2. Let m(g) = g**3 - 8*g**2 + g - 3. Let l be m(8). What is the units digit of j(l)?
9
Let c = 7 - 8. What is the tens digit of (2 + 0)*(-7)/c?
1
Let x be (-2 - -5) + (-1)/1. Suppose -n + 2*f = -7, 4*n + x*f - 67 = -3*f. What is the units digit of n?
3
Let k(f) = -f**2 - f + 1. Let m(w) = -5*w**2 + 4*w + 4. Let i(o) = 6*k(o) - m(o). What is the units digit of i(-9)?
1
Let w(p) = -39*p**3 + 4*p + 3. What is the hundreds digit of w(-2)?
3
Let b(c) be the first derivative of c**3/3 - c**2 - 3*c + 10. What is the tens digit of b(7)?
3
Let x(p) = p + 8. What is the units digit of x(7)?
5
Let i(a) = a**2 + 10*a + 1. What is the tens digit of i(-13)?
4
Suppose 11 = -3*t - 5*m, 2*t - 3*m + m = 14. Suppose t*u = -4*a + 39, -3*u + 0*a - 3*a + 36 = 0. What is the units digit of u?
9
Suppose 2*n - 2*w - 39 = 151, 3*w = -4*n + 380. What is the tens digit of n?
9
Suppose -3*c + 2*l + 114 = 5, -3*l - 145 = -4*c. What is the units digit of c?
7
Let j = 95 - 51. Let z(t) = t**3 + 1. Let s be z(1). Suppose -4*g = 4*a - j, -s*a - 35 = -5*g + 6. What is the units digit of g?
9
Suppose -t - 5*i = -5*t - 146, -10 = -5*i. Let w be (-81)/5 + (-13)/(-65). Let v = w - t. What is the tens digit of v?
1
What is the tens digit of (2/6)/((-9)/(-864))?
3
Suppose 5*z - 169 = -2*f - 49, -3*f = -5*z + 95. Suppose -w = -z - 5. What is the units digit of w?
7
Suppose 16 = f + 2. What is the tens digit of f?
1
What is the hundreds digit of -4 - (258/(-2) + -5)?
1
Let y = -15 + 28. What is the units digit of y?
3
Let o(j) = -j - 3. Let g be o(-3). Suppose g = -4*r - 0*r + 8. Suppose -5*s + 10 = 0, -t + 3*s = -0 + r. What is the units digit of t?
4
Suppose 2*l = 5*l - 174. Suppose l = 4*z - 70. What is the tens digit of z?
3
Suppose 3*c - 12 + 0 = 0. Suppose c*i - 5 = 19. What is the units digit of i?
6
Let s = 3 - 0. Suppose 1 - 10 = -s*d. What is the units digit of d?
3
What is the units digit of 3/1*21/9?
7
Let u = -6 + 7. Let j be (u - 0)/(5/20). Suppose 0 = j*i - 7*i + 33. What is the units digit of i?
1
Let s(x) = x**2 + 2*x**2 - x + 2*x. Let y = -3 + 2. What is the units digit of s(y)?
2
Suppose -6 = i - 39. What is the tens digit of i?
3
Let z = -2 - -8. Suppose -u = -z - 1. What is the units digit of u?
7
Let z(u) be the second derivative of u**4/12 + 7*u**3/6 - u**2/2 + u. Let s be z(-8). Let y = s - 0. What is the units digit of y?
7
Let d = 355 - 154. What is the units digit of d?
1
Let c(u) = -2*u**3 + 10*u**2 - 4*u - 2. What is the tens digit of c(4)?
1
Let t = -107 - -254. What is the hundreds digit